 in base 10?
45548
-1514360 (base 7) to base 8
-621516
What is -2a1a41 (base 15) in base 14?
-3ac090
What is 11011010001000000010011 (base 2) in base 13?
1633419
-125261 (base 7) to base 2
-101101110101001
Convert -130516 (base 7) to base 12.
-12064
What is -23202131 (base 5) in base 15?
-421cb
23653 (base 8) to base 5
311110
What is 111110100100101111 (base 2) in base 5?
31200203
What is -13034321 (base 5) in base 15?
-27b76
What is 3020411 (base 7) in base 12?
153195
Convert -121132322 (base 5) to base 15.
-b33ac
What is -11000110011100011111 (base 2) in base 16?
-c671f
Convert -35b222 (base 12) to base 13.
-2459c6
Convert 45411321 (base 8) to base 12.
3363815
1687965 (base 10) to base 2
110011100000110011101
What is -123311022 (base 4) in base 15?
-23b99
Convert -835921 (base 11) to base 2.
-101000111001011000010
4125043 (base 6) to base 7
1453356
318338 (base 9) to base 15
3b398
What is 49268b (base 13) in base 5?
421411434
-16530b (base 12) to base 9
-642412
What is -5162931 (base 11) in base 3?
-122010212020110
Convert 5300884 (base 9) to base 15.
3b0051
Convert -12033460 (base 7) to base 3.
-2000020002001
Convert 1121331102 (base 4) to base 16.
59f52
Convert -1650552 (base 7) to base 14.
-60162
What is 6b960a (base 12) in base 8?
6501452
What is -1213003313 (base 4) in base 8?
-1470367
Convert -122513436 (base 7) to base 16.
-760659
Convert -30123111 (base 5) to base 12.
-b6498
Convert 185f0e (base 16) to base 13.
43bcb5
-2112210 (base 3) to base 14
-969
What is -5551440 (base 6) in base 5?
-32412044
-3000311031 (base 4) to base 2
-11000000110101001101
-10100101101111001011011 (base 2) to base 9
-11186675
Convert 5254202 (base 10) to base 11.
2a69618
What is 80b274 (base 16) in base 11?
4840899
101011110120 (base 3) to base 13
700c2
-1ccd61b (base 14) to base 2
-110111001111011110001001
-6250a1 (base 11) to base 6
-33252310
Convert 263333 (base 9) to base 16.
270b4
222001022202 (base 3) to base 2
1111101001011010011
Convert -1022244113 (base 5) to base 6.
-114025140
Convert 2430552 (base 6) to base 10.
128516
What is 1305317 (base 8) in base 13?
c9428
What is -30230130 (base 5) in base 10?
-242540
Convert -4210440311 (base 5) to base 8.
-41106554
Convert -350072 (base 9) to base 15.
-42362
Convert -851422 (base 10) to base 15.
-11c417
3b97bb (base 14) to base 16
1f77c9
What is 6969 (base 10) in base 12?
4049
Convert 187522 (base 9) to base 2.
11100100101001001
-1175547 (base 8) to base 15
-66b1d
-14313464 (base 8) to base 14
-60856c
Convert -554566 (base 7) to base 3.
-11222000201
Convert 1231103140 (base 6) to base 11.
80a9829
Convert -277a46 (base 11) to base 16.
-6a3de
Convert -1417203 (base 8) to base 16.
-61e83
What is -1552332 (base 8) in base 13?
-128a1c
What is -14430314 (base 5) in base 14?
-40736
b4983 (base 14) to base 12
18bb9b
Convert -26b087 (base 12) to base 15.
-c9eb1
Convert 62368 (base 10) to base 8.
171640
What is 615935 (base 13) in base 16?
229ec5
4bacc9 (base 16) to base 3
100022222001201
3630b (base 14) to base 4
200103113
-442160 (base 7) to base 8
-227451
Convert -a4772 (base 12) to base 5.
-23342431
Convert -443654 (base 9) to base 2.
-1000000101111001010
Convert 330662 (base 7) to base 15.
12292
What is -20760152 (base 9) in base 14?
-148b22b
1011010010100010 (base 2) to base 13
18081
Convert 9c65d2 (base 15) to base 11.
4238442
Convert -1032500 (base 6) to base 12.
-25730
What is -1d005 (base 16) in base 9?
-200847
-2020000100111 (base 3) to base 9
-2200314
31233200131 (base 4) to base 7
42422542
Convert 11010111111001111101 (base 2) to base 11.
554474
What is 1000000100111000001001 (base 2) in base 16?
204e09
Convert 660110 (base 8) to base 4.
312001020
134878 (base 9) to base 2
10100000110111111
What is -1b6431 (base 12) in base 6?
-14242501
What is 105514 (base 8) in base 14?
cdd2
-1104113334 (base 5) to base 14
-46a645
What is 12200001121 (base 3) in base 6?
2220324
-34006 (base 7) to base 16
-2185
Convert 232256 (base 10) to base 13.
8193b
Convert 6370d (base 14) to base 3.
110012101002
What is -639020 (base 14) in base 2?
-1100110110000000000100
-41240 (base 9) to base 13
-c4a1
Convert -3b5c7a (base 15) to base 4.
-22320330202
What is 21657422 (base 8) in base 12?
16969aa
What is -3546123 (base 7) in base 14?
-b974a
-231132220313 (base 4) to base 13
-2615630
What is 14011330 (base 5) in base 7?
1126302
Convert 225100650 (base 7) to base 9.
27835400
Convert -1002000303 (base 4) to base 6.
-5443443
What is 101110001010110001 (base 2) in base 7?
1415220
-655c07 (base 15) to base 8
-22327435
Convert -1cca38c (base 13) to base 16.
-933622
10023113112 (base 4) to base 11
68886a
What is 263151 (base 8) in base 14?
2561b
4115014 (base 6) to base 2
110000000010110010
Convert 1513125 (base 7) to base 10.
205182
What is 13505a5 (base 11) in base 9?
4338256
-1595a3 (base 15) to base 13
-2a7356
Convert -4446610 (base 11) to base 7.
-123164631
Convert 1860721 (base 10) to base 15.
26b4d1
-507637 (base 15) to base 2
-1110100101000101001110
What is 14234032 (base 5) in base 3?
21120202102
What is 715d50 (base 16) in base 8?
34256520
What is 1c2875 (base 14) in base 15?
14d100
-11001110100000111000 (base 2) to base 8
-3164070
Convert -12d93c6 (base 14) to base 4.
-202311001002
Convert -1d558 (base 16) to base 13.
-428c6
2111b (base 14) to base 8
233665
What is -7a68 (base 15) in base 7?
-135503
-111021010112101 (base 3) to base 10
-7049089
Convert -35b8a (base 15) to base 11.
-107818
What is 3122b (base 12) in base 15?
1408e
Convert -3a286 (base 11) to base 6.
-1122305
-c9a2b (base 13) to base 7
-3044621
Convert -2010120202201 (base 3) to base 9.
-2116681
What is 1227291 (base 12) in base 8?
15375315
1101111111 (base 4) to base 5
41130031
133210121 (base 4) to base 15
284a5
What is 4311143 (base 5) in base 12?
36081
Convert -202111011122 (base 3) to base 15.
-7e742
-3052355 (base 7) to base 16
-59501
-21002231 (base 4) to base 16
-90ad
Convert 1678639 (base 10) to base 4.
12121310233
-28a518 (base 11) to base 2
-1101110101000101100
Convert 1110010011001111010 (base 2) to base 7.
3661121
What is 23717 (base 8) in base 3?
111222110
-5b998e (base 15) to base 16
-42edec
Convert 1003ab3 (base 13) to base 12.
1752204
-1122122221122 (base 3) to base 13
-24a1cc
What is 26da1 (base 15) in base 7?
1026124
-101010011101010110101111 (base 2) to base 12
-388917b
-101466d (base 14) to base 9
-15233065
What is 375515 (base 8) in base 4?
133231031
Convert -63105262 (base 7) to base 13.
-1140313
11000102112010 (base 3) to base 6
113424220
Convert -1293355 (base 10) to base 6.
-43415431
-100100100011011 (base 2) to base 3
-221200011
Convert 1052223 (base 8) to base 13.
9c235
1454208 (base 9) to base 16
c42c8
31002223 (base 4) to base 3
2201021111
-10001010000 (base 3) to base 11
-40a78
What is 449849 (base 10) in base 3?
211212002002
Convert 96259 (base 11) to base 5.
13440221
What is 210101143 (base 5) in base 9?
1554325
-115103122 (base 7) to base 16
-6dc77a
What is 15a0c2 (base 13) in base 14?
dd5bc
What is -1033302122 (base 4) in base 16?
-4fc9a
302021041 (base 5) to base 16
126129
What is 215321 (base 10) in base 13?
77012
What is 4d7522 (base 15) in base 9?
7000385
What is -349ab (base 15) in base 13?
-5b364
What is -31143123 (base 7) in base 11?
-1527306
What is -1647209 (base 14) in base 15?
-e5d6a3
-242e0 (base 15) to base 12
-56956
What is 3451511 (base 6) in base 8?
533443
-11411313 (base 5) to base 16
-1a24b
What is 24d356 (base 15) in base 11?
aa6807
-32212203 (base 5) to base 4
-1002212203
-143110402 (base 5) to base 4
-2320002330
3554204 (base 6) to base 9
313454
Convert -6b6db (base 16) to base 7.
-3511610
What is 100001001010001100000 (base 2) in base 8?
4112140
Convert ce5b45 (base 15) to base 4.
211202200121
-1801148 (base 11) to base 7
-35010402
What is -66005502 (base 7) in base 15?
-768c29
Convert -5a383 (base 11) to base 9.
-142262
Convert 42125 (base 12) to base 13.
30536
4a60923 (base 12) to base 8
67421453
-51024122 (base 6) to base 14
-29a522
Convert 22101042 (base 5) to base 3.
100200200122
What is 5513 (base 15) in base 6?
215230
Convert e46e9 (base 15) to base 4.
2300231223
3340332131 (base 5) to base 8
34035633
What is 13203220223 (base 4) in base 6?
110243055
What is 214422044 (base 6) in base 3?
2102